*r, 0 = -5*w + 3*r + r + 6318. Calculate the greatest common divisor of w and 42.
6
Suppose -124*m + 534813 = 29*m + 183678. What is the greatest common divisor of m and 36?
9
Suppose 0 = -m + 3*k + 73 + 95, 5*k - 380 = -2*m. What is the greatest common factor of 192 and m?
12
Let k(n) = -121*n + 133. Let u be k(-3). Calculate the greatest common factor of 434 and u.
62
Suppose 499*g - 3380 = 473*g. Calculate the highest common divisor of 710 and g.
10
Suppose -27*m = -46*m + 99294. What is the greatest common factor of m and 78?
78
Let h = 626 - 624. Let v be h/2*5*2686/395. Calculate the highest common divisor of v and 1258.
34
Suppose 192*b - 392*b + 186*b + 1456 = 0. What is the highest common divisor of 684 and b?
4
Let w be (-2)/(-5) - (-2937)/(-55). Let z = w - -97. Calculate the greatest common divisor of 484 and z.
44
Let v be ((-1)/(2/4))/(28/(-42)). Suppose 5*g - 89 = -v*n + 97, -198 = -5*g + n. What is the greatest common factor of g and 156?
39
Let i(h) = -h**3 - 6*h**2 + 37*h + 74. Let m be i(-10). What is the greatest common divisor of m and 3016?
104
Let b = 6687 + -6653. What is the greatest common divisor of 1802 and b?
34
Let g = 712 + -629. Suppose -g*p + 17 = -82*p. What is the highest common factor of p and 17?
17
Let r be 10/(-60) + (-56)/96*310. Let b be -1*1 + 123*-1. Let q = b - r. What is the highest common divisor of q and 3?
3
Let z(b) = 3*b - 1. Let a be z(6). Let v(d) = 6*d**2 + 14*d + 38. Let k = 333 - 339. Let p be v(k). What is the highest common divisor of a and p?
17
Let l(g) = g + 21. Let a(w) = -w + 36. Let r be a(29). Let f be l(r). Calculate the greatest common divisor of f and 28.
28
Let k(r) = 375*r + 16025. Let l be k(-6). What is the highest common divisor of l and 190?
95
Suppose 12*i = -35 - 85. Let t be 33 + (-5 - i - 2). Calculate the greatest common divisor of 16 and t.
4
Suppose 3*y = 4*y, -3*v = 4*y - 405. Suppose 650 = 3*w - 4*h + 196, -w - 5*h + 145 = 0. Suppose 12*p - w = 2*p. Calculate the highest common divisor of v and p.
15
Let c be (36/(-7))/((-12)/252). Let h be 12/30*(3 - c/(-4)). What is the greatest common factor of 228 and h?
12
Let l be (-12)/(-21) - 633/(-7). Let r(h) = h**3 + 2*h**2 - 2*h + 3. Let z be r(-3). Suppose 4*q + 0*q - 28 = z. Calculate the highest common factor of l and q.
7
Let b(d) = -3*d - 28. Let m(o) = -o + 3. Let r(j) = -b(j) - 5*m(j). Suppose 0*g + 4*g = 36. Let n be r(g). Calculate the greatest common divisor of 34 and n.
17
Let t be 3 - ((-2 + -11)*-10)/(-1). Let i = 197 - t. Calculate the greatest common divisor of i and 32.
32
Suppose 3*d - 701 = -545. Calculate the greatest common divisor of d and 7982.
26
Let d be (-11)/(-44) - 1868/(-16). Suppose -378 = d*m - 120*m. Calculate the greatest common divisor of m and 294.
42
Suppose 0 = 2*h - 4*l - 214, 154*l = -h + 149*l + 135. Let y = -10 - -15. What is the highest common divisor of h and y?
5
Suppose -424*x + 201280 = 2424. What is the greatest common divisor of x and 259?
7
Let y be 429/2*(24/9 - 2). Let p = 8 - 9. Let l be 7 + 5 - p*1. Calculate the highest common factor of y and l.
13
Let s = -9061 + 15043. Calculate the highest common divisor of 18 and s.
6
Suppose 11*a - 2189 + 528 = 0. Let v = -145 + a. What is the greatest common divisor of 12 and v?
6
Let m = 91 - 11. Let d = -49 + 113. Calculate the greatest common factor of m and d.
16
Let k be (3 - (9 + -3))/((-6)/1264). Let t = k - 417. Suppose 3*o = -9*z + 4*z + 203, -z - o = -39. Calculate the highest common factor of z and t.
43
Suppose -36*n + 34*n + 8696 = 2586. What is the greatest common factor of n and 715?
65
Suppose -7*k + 84 = -3*k + 2*i, 0 = -2*k - 3*i + 38. Let a = k - 16. Let l be 27/(-9)*(-40)/a. Calculate the greatest common divisor of l and 100.
20
Let p(g) = g**3 + 11*g**2 + 10*g + 86. Let v = -872 + 862. Let k be p(v). What is the greatest common factor of 645 and k?
43
Suppose -3*l = -j - 9865, 5*l + 316*j = 312*j + 16419. Calculate the greatest common factor of l and 519.
173
Suppose 8550 = 107*d + 19*d - 12*d. Calculate the greatest common factor of d and 19950.
75
Suppose -o - 209 = -0*n - 2*n, 3*n - 4*o = 311. Suppose -84 = -32*m + 30*m. Calculate the highest common divisor of n and m.
21
Let c = 5878 + -5329. Calculate the highest common divisor of 122 and c.
61
Let a be (37/(37/(-30)))/((-21)/77). Suppose 2*t = 2*g - 8 - 18, -3*g + 4*t = -42. What is the highest common divisor of a and g?
10
Suppose 5*y = 3*w + 49, 4*y + 20 = 2*w + 58. Suppose 90 = -44*x + 47*x. Suppose 10 = -5*o + x. What is the greatest common factor of o and y?
4
Let w = -6771 - -12441. What is the greatest common divisor of 126 and w?
126
Suppose -8*s = -3*a - 6*s + 650, 3*s + 3 = 0. Calculate the greatest common divisor of 2484 and a.
108
Let t(d) = -d + 8. Let f be t(3). Let k(i) = 5*i**2 + 9*i + 5. Let o be k(-2). Let h be ((-10)/o)/(4/(-28)). Calculate the greatest common divisor of h and f.
5
Let m(w) = w**3 - 14*w**2 + 15*w - 5. Let g = 160 - 147. Let d be m(g). Let h be 5*((-4)/(-2) + 19). What is the highest common factor of h and d?
21
Suppose -451 = -8*d - 139. Calculate the greatest common factor of d and 2.
1
Suppose 2*x = -3*x + 240. Let w be (-2)/(-10) + (-15 - (-4740)/50). What is the greatest common factor of x and w?
16
Suppose 18*k - 1744 - 1010 = 0. Calculate the greatest common factor of k and 1139.
17
Let n = -35 + 63. Suppose -3*r + 2 + n = 3*o, -13 = -4*o + 5*r. Let u be (-280)/(-16)*(-4)/(-5). What is the greatest common factor of u and o?
7
Let b(m) = -28*m - 11. Suppose -8 = -6*r + 10*r. Let h be b(r). Calculate the highest common divisor of 10 and h.
5
Let h be (1*-267)/(-4 + 3). Suppose h*z - 263*z - 120 = 0. What is the highest common factor of 10 and z?
10
Suppose 111 = 5*u + 2*j, 2*u + 14*j - 13*j - 44 = 0. What is the greatest common divisor of u and 8027?
23
Suppose -479*g = -381*g - 980. What is the greatest common divisor of 4630 and g?
10
Let r(f) = 228*f - 10241. Let u be r(47). Calculate the greatest common divisor of 1625 and u.
25
Let a be 12/2 - (-1062 + 42). What is the greatest common factor of 6 and a?
6
Suppose -21*o + 27*o - 3414 = 0. Suppose -3726 + o = -11*u. Calculate the highest common divisor of u and 7.
7
Suppose 2*v - 12*v + 20 = 0. Let r be ((-4)/v - 1) + 14 + 16. Suppose -7 + r = 5*w. Calculate the highest common factor of w and 28.
4
Suppose 0 = o - 5*f - 401, 4*o + 7*f = 10*f + 1587. Let r be 2/((-2)/(-85)) + (o - 400). Calculate the highest common divisor of r and 72.
9
Let u(r) = r**3 + 7*r**2 - 3*r + 7. Let i be u(-7). Let x = 303 + -553. Let q = 502 + x. What is the greatest common divisor of q and i?
28
Let r(i) = -383*i - 10556. Let u be r(-28). What is the greatest common factor of 7371 and u?
21
Let s(o) = 15*o - 597. Let w be s(41). What is the greatest common divisor of w and 141?
3
Suppose 0 = -3*u + 2*k + 1112, 21*k = -u + 17*k + 394. What is the highest common divisor of u and 770?
22
Let h(v) = -6*v**2 + 5*v - 3. Let t be h(7). Let z = t + 286. What is the highest common divisor of 264 and z?
24
Let o(r) = 82*r**2 + 32*r + 18. Let b be o(-3). Calculate the greatest common divisor of 231 and b.
33
Let v(u) = -9*u + 22. Let q be v(-6). Suppose 3*p = n + 7*p - q, -2*n - 5*p = -167. Suppose -4*f - n = -6*f. Calculate the highest common factor of 32 and f.
16
Suppose -12*f + 18*f + 39 - 903 = 0. What is the highest common factor of 900 and f?
36
Suppose -225*i - 17*i = -43*i - 9950. What is the highest common divisor of i and 1075?
25
Let p be (188 - 14)/(1 + 1). Let c = 191 - p. Calculate the greatest common factor of c and 13.
13
Let o = -465 + 467. Let w be 1 + -1 + o + 232. Calculate the highest common divisor of w and 18.
18
Let z = -15269 - -15684. What is the highest common factor of z and 2822?
83
Let q = -69 - -141. Let p(k) = 4*k**3 - 2*k + 3. Let v be p(1). Suppose -5*u - 130 = -v*r, -r - u = 4*r - 118. Calculate the highest common factor of r and q.
24
Suppose 360*l - 2944 = 359*l + 3*v, -3*l + 8782 = v. What is the highest common factor of l and 101?
101
Let y(p) = -2*p - 6. Let h be y(-7). Suppose h - 4 = 4*a. Let f(x) = -2472*x - 29657. Let z be f(-12). What is the greatest common factor of a and z?
1
Let a be (-32)/(-18) - 20/24*16/(-60). Calculate the greatest 